0?
1320230313121
In base 3, what is 2220020122210112 - 1?
2220020122210111
In base 16, what is 5 - -4b8ef6?
4b8efb
In base 3, what is 1212102121211000 + 22?
1212102121211022
In base 2, what is 101111100110111010010 - -101?
101111100110111010111
In base 12, what is 82 + 193362?
193424
In base 7, what is -2 - -645566561?
645566556
In base 4, what is -210322013020223 - -3?
-210322013020220
In base 7, what is -26 - -123311203?
123311144
In base 8, what is -15742516 - 7?
-15742525
In base 10, what is 7 + 827516?
827523
In base 10, what is 9847 - 21345?
-11498
In base 6, what is 203 + -15104205?
-15104002
In base 12, what is -12 + 604790?
60477a
In base 9, what is -40 - 380216?
-380256
In base 3, what is -112201201 - -21012110?
-21112021
In base 10, what is 3571 + -203389?
-199818
In base 14, what is -5 + -c6ca76?
-c6ca7b
In base 7, what is 4502140 + -11?
4502126
In base 14, what is 73d - 2846?
-2107
In base 2, what is 1111011100010010 + 1101111010?
1111101010001100
In base 2, what is 111101101011011101000 + 10?
111101101011011101010
In base 13, what is -917ba - -81?
-91739
In base 16, what is 3732 + 1061?
4793
In base 2, what is 10000100101000101000100111 - -1?
10000100101000101000101000
In base 11, what is 12a - -10a175?
10a2a4
In base 6, what is -10443 - -225400?
214513
In base 8, what is 75402240 + -121?
75402117
In base 10, what is 1833 - -1022?
2855
In base 6, what is -211201 + -155?
-211400
In base 6, what is -323221325 - 22?
-323221351
In base 2, what is -101000100001 - -10000101100011?
1011101000010
In base 12, what is 405 + -24514b?
-244946
In base 2, what is -10001110 + 10011001100000111?
10011001001111001
In base 10, what is 12845 + -4171?
8674
In base 12, what is 5b9 - 12368?
-1196b
In base 9, what is -870 - 1323?
-2303
In base 4, what is -10 + 12123012233?
12123012223
In base 4, what is 1 + 21233110321?
21233110322
In base 7, what is -454501020 + -2?
-454501022
In base 4, what is -110211 - 2031331?
-2202202
In base 15, what is -43cc2 + -3ca?
-4419c
In base 6, what is -51405302 + -52?
-51405354
In base 10, what is -15 + -487554?
-487569
In base 13, what is 228a9c - -8c?
228b5b
In base 3, what is 20111 - -122000122?
122021010
In base 8, what is -652174670 - 5?
-652174675
In base 15, what is 28e + -114c?
-dad
In base 6, what is 24253211224 - 4?
24253211220
In base 11, what is 20a - 26a2?
-2493
In base 15, what is 0 + 56b243?
56b243
In base 14, what is 1b + -75d20?
-75d03
In base 15, what is 73 + -77e1?
-776d
In base 16, what is 1d - 4603f?
-46022
In base 2, what is -10010000 - -110100010101111100000?
110100010101101010000
In base 7, what is 50303 + -30?
50243
In base 3, what is 102110200201 - -10002?
102110210210
In base 2, what is -100101 - -111110110110000011100?
111110110101111110111
In base 15, what is 9e3 - 295c?
-1e69
In base 6, what is -53424043 - 13?
-53424100
In base 14, what is 4 + -1145d38?
-1145d34
In base 9, what is 174623 + -16?
174606
In base 2, what is -100 - -111110101110001001011?
111110101110001000111
In base 6, what is 5 - 34521511521?
-34521511512
In base 14, what is -4a9d413a - -1?
-4a9d4139
In base 6, what is 111411550 - 354?
111411152
In base 4, what is 3003112 + -30302?
2312210
In base 6, what is 2 + -140551001?
-140550555
In base 7, what is -13 - 116445200?
-116445213
In base 10, what is 2 - 4325272?
-4325270
In base 12, what is -585 + 32597?
32012
In base 3, what is 1210020002100 - -21?
1210020002121
In base 12, what is -164 + -9502?
-9666
In base 6, what is 51 + 2352315?
2352410
In base 14, what is 1749b6 + -1?
1749b5
In base 3, what is 11 - -1211110102200200?
1211110102200211
In base 12, what is -b98845 + -1b?
-b98864
In base 9, what is -405 - -3607157?
3606652
In base 4, what is 3322013 + 231002?
10213021
In base 3, what is -10 - -122021112212210?
122021112212200
In base 7, what is -10564 + 222265?
211401
In base 11, what is -84 - 189964a?
-1899723
In base 9, what is -7 + 2233500?
2233482
In base 4, what is -11123131100 + -10?
-11123131110
In base 3, what is -2 + -222121220121011?
-222121220121020
In base 6, what is -441403 + -140?
-441543
In base 12, what is 4a7 - -71918?
72203
In base 14, what is -80b + 252?
-599
In base 2, what is -10111011001111 + 101111?
-10111010100000
In base 7, what is 44230423236 + 4?
44230423243
In base 15, what is -a6b4 + -34?
-a6e8
In base 6, what is 1203 - 1042515?
-1041312
In base 16, what is e5 + 5c58?
5d3d
In base 12, what is -58506 + 500?
-58006
In base 16, what is 2 + -2f9a33?
-2f9a31
In base 12, what is -2029 - -12b5?
-934
In base 6, what is 12213 - -421042?
433255
In base 8, what is 3473 - -71645?
75340
In base 4, what is -1030311230 + -3323?
-1030321213
In base 13, what is 118a63 + 3b7?
11914a
In base 9, what is 116763016 + 0?
116763016
In base 13, what is -24c - -44c05?
44986
In base 6, what is -3133 - -21534432?
21531255
In base 9, what is 3 - 27336448?
-27336445
In base 15, what is -b + 63bd2?
63bc6
In base 4, what is 1330313 + 1212032?
3203011
In base 16, what is f3 + -4ee2?
-4def
In base 15, what is -471d - ca58?
-12276
In base 9, what is -1 - 12003100?
-12003101
In base 9, what is -507 - -221362?
220754
In base 15, what is 36e - -593c?
5cab
In base 6, what is 112012502254 - 1?
112012502253
In base 7, what is 2 + -11645020634?
-11645020632
In base 14, what is -15 + 83463?
8344c
In base 13, what is -8c9721 + 23?
-8c96cb
In base 11, what is -5 + 873681?
873677
In base 15, what is -c4be5 - 17?
-c4c0c
In base 16, what is 1 + -243594?
-243593
In base 4, what is 112210 - -10301103?
11013313
In base 10, what is 35 - -51801?
51836
In base 4, what is 1030332123 + -1231?
1030330232
In base 6, what is -24035341132 - -2?
-24035341130
In base 13, what is -1256b48 + -2?
-1256b4a
In base 3, what is 2011020 - -1001112021100?
1001121102120
In base 10, what is -49044 - 2072?
-51116
In base 6, what is -2 - -40415?
40413
In base 3, what is 11 + 1101012211101011?
1101012211101022
In base 4, what is -323002012 - -30?
-323001322
In base 9, what is 145 - 685551?
-685405
In base 13, what is 507 + -84895?
-8438b
In base 3, what is 1112211020212220211 - 1?
1112211020212220210
In base 16, what is a9 + 228e4b?
228ef4
In base 16, what is -3318f - 12?
-331a1
In base 14, what is -2421986 + 4?
-2421982
In base 15, what is -10 + -a1db3?
-a1dc3
In base 14, what is -2 + -22a324?
-22a326
In base 8, what is -7022 + -104512?
-113534
In base 16, what is 128864 + -3?
128861
In base 14, what is 2 - 61c465?
-61c463
In base 10, what is 21200 - -607?
21807
In base 8, what is 1572567 - 7?
1572560
In base 9, what is -3070 + -2461?
-5541
In base 2, what is -1 + 110001011100111001?
110001011100111000
In base 5, what is 2 - 143030341243?
-143030341241
In base 15, what is 7a + -d4729?
-d469e
In base 12, what is 119b1 - a1?
11910
In base 15, what is 1cbe15e0 + 1?
1cbe15e1
In base 10, what is 3 + 156997118?
156997121
In base 14, what is -336d8 + -c7?
-337c1
In base 16, what is -127 + c7a70?
c7949
In base 2, what is -11111 - 10100001001111010000111?
-10100001001111010100110
In base 7, what is 51143525 + 40?
51143565
In base 10, what is 852888860 - -3?
852888863
In base 7, what is 20632555456 - -5?
20632555464
In base 9, what is 304502221 - 4?
304502216
In base 5, what is -3104000203 + -10?
-3104000213
In base 9, what is -128 - -1053532?
1053403
In base 4, what is 3133030100211 + 1?
3133030100212
In base 16, what is 38d18f6 + 10?
38d1906
In base 5, what is -11110032304 - -4?
-11110032300
In base 14, what is -1d89 + -2904?
-488d
In base 14, what is 7315ba + -3?
7315b7
In base 10, what is 999 + 26272?
27271
In base 5, what is -130110 - -4044?
-121011
In base 2, what is 11 - -110110101110010101?
110110101110011000
In base 3, what is -1102010000 + -2200?
-1102012200
In base 16, what is 61 - -5629?
568a
In base 15, what is 49d + -60b?
-15d
In base 3, what is -12012210 - 12220121201?
-20002211111
In base 6, what is 102 + -20233415?
-20233313
In base 3, what is -1120112021002110012 - 0?
-1120112021002110012
In base 4, what is -1200 - 131020131?
-131021331
In base 6, what is -5 - -21520413320?
21520413311
In base 4, what is 3 + 31110313232333?
31110313233002
In base 12, what is -5 + -6a90771?
-6a90776
In base 15, what is -726 + e1b3?
d98c
In base 15, what is 3 + 34a83?
34a86
In base 14, what is -12c48d + 5?
-12c488
In base 